 - (-4)/14. Is 3 a factor of u(x)?
True
Suppose -a - 4*a = -20. Suppose 5*v - 4*x - 44 = 3*v, 148 = a*v + 4*x. Is 13 a factor of v?
False
Suppose -3*s - 2 = -s, -2*w + 4*s + 8 = 0. Let z(i) be the second derivative of 5*i**3/3 - i**2 - i. Does 6 divide z(w)?
True
Is ((-7112)/(-224))/(-1*1/(-4)) a multiple of 61?
False
Suppose 4*t = -4*j + 416, t = 5*j - 139 - 405. Let m = j + -69. Is m a multiple of 13?
True
Is 12 a factor of 62 + (-5 - -3)*1/(-2)?
False
Let h = 29 - -1. Let n be 3/(-6)*h/(-3). Suppose -a - 70 - 147 = -5*x, 0 = -x + n*a + 29. Is 22 a factor of x?
True
Let c(k) = -k**3 + 6*k**2 + 5*k. Let u(j) = -j**2 + 11*j - 12. Let b be u(9). Does 15 divide c(b)?
True
Suppose 23*b - 46 = 161. Does 8 divide b?
False
Suppose 2*s + x - 162 = 0, -4*s + 3*x = -2*x - 352. Suppose -2*y + 3*l + s = 2*y, 0 = -2*y - 2*l + 24. Is 10 a factor of y?
False
Let o(y) = y**3 + 7*y**2 + 6*y - 4. Let u be o(-6). Let s(f) = -4*f + 5. Is 9 a factor of s(u)?
False
Let g = -3 - -2. Does 9 divide (-2 + 3)*(-22)/g?
False
Let x(z) = -z**3 + z**2 + 4*z - 1. Let h be x(3). Let c(l) = -l. Is 7 a factor of c(h)?
True
Let w = 972 - 650. Suppose 4*k = 5*x - 319, -5*x + 33 = 4*k + w. Let t = 110 + k. Is 17 a factor of t?
True
Suppose 2*k + 0*k + 4*p = 126, -4*k = -4*p - 312. Does 56 divide k?
False
Let p be (-4)/10*25/5. Let w = p - -4. Is w a multiple of 2?
True
Let y = 32 + 32. Is y a multiple of 44?
False
Let a(p) = -p**3 - 11*p**2 - 2*p + 1. Does 6 divide a(-11)?
False
Let d(j) = 6*j - 4. Is 10 a factor of d(4)?
True
Let z(f) = -f**3 + 2*f**2 + 4*f. Let p be z(3). Suppose -p*l + 23 = 8. Suppose -2*d + a + 16 = -9, -l*a - 5 = 0. Is d a multiple of 6?
True
Let v be 0 + 1 + 0 + 66. Let t = -35 + v. Let u = -14 + t. Does 8 divide u?
False
Let y = -18 - -52. Does 5 divide y?
False
Suppose 4*z = 16, -3*t + 0*t = -4*z - 5. Let q(c) = -c**3 + 10*c**2 - 6*c + 2. Does 30 divide q(t)?
False
Let n(r) = -2*r**3 - 2*r**2 - r + 3. Let g be 9/2*16/24. Suppose -2*w = -g*b - 19, 3*w + 16 = -2*b + 5*w. Does 14 divide n(b)?
True
Let j(v) = 4*v**2 + 1. Let k be j(1). Let g(z) = -z**3 - 4*z**2 + 5*z + 4. Let n be g(-5). Suppose 0 = -k*x + 5*h, x - n*h + 16 = h. Does 3 divide x?
False
Let s = 8 - 1. Let v(y) be the third derivative of y**6/120 - 7*y**5/60 + y**4/12 + 5*y**3/6 + y**2. Does 12 divide v(s)?
False
Let a = -58 + 88. Is a a multiple of 15?
True
Suppose 15 = -3*u + 117. Is u a multiple of 17?
True
Let y(i) = 0*i**2 - 7 + i**2 + 0 - 8*i. Is y(11) a multiple of 16?
False
Let m = -26 + 38. Does 12 divide -236*(-1 + m/16)?
False
Suppose 0 = 5*o + 2*a - 12, 5*o + 5*a + 2 - 17 = 0. Let j = o - 2. Suppose -5*f + 165 = -j. Is f a multiple of 11?
True
Let y(t) = t**2 - 5*t + 3. Let r(o) = -o**3 - 6*o**2 + 3. Let x be r(-6). Suppose -4*c + 3 = -4*b + 7, -x*b + 11 = -c. Does 2 divide y(b)?
False
Let t be -3*1*(0 - 1). Suppose 3*u - 5*u + 27 = -t*h, 4*u + 5*h = 65. Does 15 divide u?
True
Let s(y) = 2*y**2 - 2*y - 6. Let b(g) be the third derivative of g**4/12 - 5*g**3/6 - 2*g**2. Let j be b(5). Is 15 a factor of s(j)?
False
Let c = -11 - -41. Is c a multiple of 10?
True
Suppose l + 4*s = 0, -2*l + 60 = s - 5*s. Suppose -4*u + 9*u + l = 0. Let g = u + 8. Is 4 a factor of g?
True
Let i(h) = h**2 + 10*h - 3. Let o be i(-10). Let y = 10 + o. Is 7 a factor of y?
True
Suppose -210 = 5*s - 2*s. Let y = -47 - s. Is y a multiple of 11?
False
Let n be (1/3)/(1/(-123)). Let u = -11 - n. Is 17 a factor of u?
False
Suppose 5*r - 4*u - 355 = 0, -4*u + 3*u + 230 = 3*r. Is 15 a factor of r?
True
Let k(n) = 5*n - 7. Let t be (1 - 1) + 0 + 4. Suppose -4*g + t*h = -48, -6*g + 40 = -2*g - 2*h. Does 16 divide k(g)?
False
Let v(x) = -x**2 - 4*x + 7. Suppose -c - 3 = -4*w + 3*w, -4*w + 11 = -5*c. Let n(u) = -u**2 + u. Let l(d) = c*v(d) - 2*n(d). Does 9 divide l(7)?
False
Suppose -k - z = -4*k + 84, k - 4*z - 39 = 0. Is 9 a factor of k?
True
Let m(j) = -2*j - 2. Let l = 7 + -5. Let o be m(l). Let t(d) = d**3 + 5*d**2 - 9*d - 4. Does 14 divide t(o)?
True
Suppose -5*w = -901 + 56. Does 10 divide w?
False
Suppose 11 = 4*d + 3. Let m be (d + -2)/(0 - -1). Let k = 9 + m. Is k a multiple of 9?
True
Let w(p) = p**2 + 2*p - 7. Let d be w(7). Suppose -4*g = -2*g - d. Is g a multiple of 8?
False
Let f = 274 - 117. Is 14 a factor of f?
False
Let g(b) = 2*b**2 - 3*b + 2. Let p be g(2). Let k = p - -3. Does 4 divide k?
False
Let p = 9 + 3. Is p a multiple of 4?
True
Suppose -m - 206 = -4*f + 5, -4*m - 102 = -2*f. Is 9 a factor of f?
False
Does 38 divide (3 + (-173)/2)*-2?
False
Suppose 0 = -4*m - 5*k + 22, -2*k + 57 = 5*m + 21. Is m a multiple of 4?
True
Let i(d) = -76*d + 6. Is 39 a factor of i(-3)?
True
Suppose -5*u - 18 = 12. Let t(n) = -n - 1. Let k be t(u). Suppose -3*m = k*o - 17 - 11, 5*m + 44 = 3*o. Does 8 divide o?
True
Let m = 0 - 4. Suppose f = -2*j + 49, 0*j = 4*j + 3*f - 103. Does 13 divide m/j - (-1227)/33?
False
Let h be (-1 + (-9 - 0))/1. Let p = -5 - h. Suppose y - p*y = -24. Does 3 divide y?
True
Suppose -2*v = 2, 0*g - 3*g + 5 = v. Let l(o) = 7*o - o**2 + 0*o**2 + 0*o**g + 2. Is l(5) a multiple of 10?
False
Suppose -4*i = 4*q - 848, 3*q = -5*i + 691 - 55. Is q a multiple of 24?
False
Does 21 divide 549/27 + 2/3?
True
Is 3 a factor of (-726)/(-30) + -2 - 1/5?
False
Suppose -19 = -l + 5. Let a = 0 - -3. Suppose -l = -u - a*u. Is 3 a factor of u?
True
Suppose -5*z - 2*i + 942 = 0, -379 = -0*z - 2*z - 3*i. Is 48 a factor of z?
False
Let v(c) be the third derivative of -c**5/60 - 5*c**4/24 + c**3 + 2*c**2. Let p be v(-5). Let k(d) = 2*d + 5. Does 17 divide k(p)?
True
Let r(q) = 5*q**2. Let j be r(1). Let i be (-2)/(j/(105/(-2))). Is 5 a factor of 6/i + 162/21?
False
Let c(m) = -m**3 + m**2 + m + 4. Let b(a) = -a**2 + 4*a + 5. Let y be b(5). Let d be c(y). Let k(n) = 8*n + 3. Does 13 divide k(d)?
False
Let l be (-65)/(-10) - (-3)/(-2). Suppose -l*y + 4*i + 29 = 0, y + 2*y = 4*i + 19. Is y a multiple of 2?
False
Suppose -69*i + 66*i + 141 = 0. Does 7 divide i?
False
Let t = -2 - 1. Let j = 8 + t. Suppose 2*b + 61 = -3*l + 6*l, -90 = -j*l + b. Does 7 divide l?
False
Let i = 14 - 7. Does 4 divide i?
False
Is 135 - (-12)/(8/(-2)) a multiple of 22?
True
Let g = 115 - 0. Is g a multiple of 23?
True
Suppose -5 = h - 2*h. Suppose 3*t = -h*j + 42, j = 5*t - t - 56. Let o = 23 - t. Is o a multiple of 4?
False
Let u = 18 - 18. Suppose -t + 30 = -u*t. Is 10 a factor of t?
True
Suppose 2*x = -2*p - 3*p + 235, -4*x + 5*p + 395 = 0. Is 9 a factor of x?
False
Let d(v) = 7*v + 13. Does 23 divide d(19)?
False
Let s(p) = p**2 + 6*p + 6. Let j be s(-6). Does 10 divide j/9*30 - 0?
True
Let o = 6 - -24. Let m = 60 - o. Is 15 a factor of m?
True
Let v = 36 - -12. Does 6 divide v?
True
Suppose 0 = -2*y + 4*j + 146, 305 = -y + 6*y + 2*j. Suppose 3*v + 4*i = y, 4*v - 81 = 5*i + 34. Is 23 a factor of v?
False
Let p be (7 - 7)*(-2)/(-4). Is 7 + 4 + p + 1 a multiple of 4?
True
Let x(a) = 0*a**2 - 1 + 0 + 2*a**2 + a**2 - 2*a. Does 7 divide x(3)?
False
Let c(n) = 4*n**2 + 14*n. Does 7 divide c(-7)?
True
Suppose 4*u - 3*k = 438, 256 = 4*u + 5*k - 198. Suppose -5 = -18*q + 17*q. Suppose -q*m = -2*m - u. Is 19 a factor of m?
False
Let b = -14 - -14. Suppose g = 3*c + 13, b*c - 3*c + 97 = 4*g. Is 18 a factor of g?
False
Let y(h) = -h**2 + 3. Suppose -12 = 3*f - 4*c, -2*c + 3*c - 3 = 0. Let n be y(f). Let s(z) = 4*z + 1. Does 13 divide s(n)?
True
Suppose -2*x - 6 = -4*x. Suppose -x*b + r = 4*r - 27, 2*r - 4 = 0. Does 6 divide b?
False
Let v be 1*26/(1 - -1). Suppose -z + v = -1. Is z a multiple of 14?
True
Suppose -5*x + 140 + 85 = 0. Let j = x + -10. Is 11 a factor of j?
False
Let m(r) = 2*r - 1. Let j = -1 + 4. Let i be m(j). Suppose 2*y - 31 = 5*d, -2*d + 87 = 5*y - i*d. Does 9 divide y?
True
Let m(u) = u**3 + u + 7. Let k be (-6)/((-9)/(-3)) - 0. Let p = k + 2. Does 7 divide m(p)?
True
Let k = -10 - -10. Suppose 2*n + k = 5*d - 1, -5*n + 9 = -d. Is (d - 39/15)*-5 a multiple of 4?
True
Does 16 divide 1/(-4) + (-16260)/(-80)?
False
Let x = 10 - 2. Suppose -1 = -m + x. Is m a multiple of 9?
True
Is 18 a factor of 50/1 - (-10)/(-10)?
False
Suppose 6*x = 12*x - 462. Does 9 divide x?
False
Let j(h) = -h**3 + 22*h**2 - 16*h - 20. Does 5 divide j(21)?
True
Let y(l) = l**2 - 6*l - 5. Suppose 3*g = -3, -118 = -5*k + 2*g - 36. Suppose 2*q - k = -0*q. Is y